{"id":1042,"date":"2021-08-20T17:48:16","date_gmt":"2021-08-20T17:48:16","guid":{"rendered":"http:\/\/hotelcaeli.tk\/?page_id=1042"},"modified":"2021-08-20T17:49:10","modified_gmt":"2021-08-20T17:49:10","slug":"perakende-sarap-menusu","status":"publish","type":"page","link":"https:\/\/qr.hotelcaeli.com.tr\/tur\/perakende-sarap-menusu\/","title":{"rendered":"Perakende \u015earap Men\u00fcs\u00fc"},"content":{"rendered":"","protected":false},"excerpt":{"rendered":"","protected":false},"author":1,"featured_media":0,"parent":0,"menu_order":0,"comment_status":"closed","ping_status":"closed","template":"","meta":{"footnotes":""},"class_list":["post-1042","page","type-page","status-publish","hentry"],"_links":{"self":[{"href":"https:\/\/qr.hotelcaeli.com.tr\/tur\/wp-json\/wp\/v2\/pages\/1042","targetHints":{"allow":["GET"]}}],"collection":[{"href":"https:\/\/qr.hotelcaeli.com.tr\/tur\/wp-json\/wp\/v2\/pages"}],"about":[{"href":"https:\/\/qr.hotelcaeli.com.tr\/tur\/wp-json\/wp\/v2\/types\/page"}],"author":[{"embeddable":true,"href":"https:\/\/qr.hotelcaeli.com.tr\/tur\/wp-json\/wp\/v2\/users\/1"}],"replies":[{"embeddable":true,"href":"https:\/\/qr.hotelcaeli.com.tr\/tur\/wp-json\/wp\/v2\/comments?post=1042"}],"version-history":[{"count":0,"href":"https:\/\/qr.hotelcaeli.com.tr\/tur\/wp-json\/wp\/v2\/pages\/1042\/revisions"}],"wp:attachment":[{"href":"https:\/\/qr.hotelcaeli.com.tr\/tur\/wp-json\/wp\/v2\/media?parent=1042"}],"curies":[{"name":"wp","href":"https:\/\/api.w.org\/{rel}","templated":true}]}}